= 29*q + 1604. Calculate w(-55).
9
Let b(p) = -3*p**3 + 63*p**2 + 69*p - 77. Give b(22).
-11
Let u(h) = 8*h**2 - 65*h + 67. What is u(7)?
4
Let h(u) = -58*u**2 - 139*u + 8. What is h(-3)?
-97
Let u(o) = -o**3 + 43*o**2 + 14*o + 34. Give u(0).
34
Let q(m) = m**3 - 3*m**2 + 65*m - 529. What is q(8)?
311
Let j(q) = -q**3 + 5*q**2 - 33*q + 201. Determine j(6).
-33
Let u(m) = -196*m - 14514. Give u(-74).
-10
Let r(f) = -58*f + 91. Give r(1).
33
Let g(t) = t**3 - 39*t**2 - 126*t + 9. Determine g(-3).
9
Let f(z) = 415*z**2 + 2078*z + 16. What is f(-5)?
1
Let k(c) = 28*c - 1230. Give k(49).
142
Let v(x) = -188*x + 512. Calculate v(3).
-52
Let s(g) = 9*g**3 + 70*g**2 + 69*g - 1. Calculate s(-1).
-9
Let f(d) = -6*d + 511. Calculate f(16).
415
Let g(p) = -p**2 - 107*p - 2362. Determine g(-31).
-6
Let b(v) = v**2 + 43*v + 441. Determine b(-16).
9
Let p(g) = -g**3 + g**2 + 26*g - 32. Determine p(5).
-2
Let h(f) = -6*f**2 - 45*f - 22. Determine h(-7).
-1
Let j(x) = 3*x**2 + 560*x + 4126. Determine j(-179).
9
Let m(h) = h**2 + 130*h + 3326. Calculate m(-37).
-115
Let j(m) = -5393*m - 5375. Calculate j(-1).
18
Let m(d) = 31*d + 866. Give m(-29).
-33
Let x(b) = b**3 + 9*b**2 + 40*b + 502. What is x(-10)?
2
Let o(z) = 19*z + 100. Calculate o(-9).
-71
Let v(n) = 6*n**3 + 179*n**2 - 30*n - 6. Determine v(-30).
-6
Let c(y) = 2*y**2 - 91*y + 635. Give c(36).
-49
Let n(t) = -t**2 - 43*t + 2960. Give n(-80).
0
Let m(y) = 26*y**2 + 4271*y + 1151. What is m(-164)?
3
Let j(l) = -224*l**2 + 25*l - 12. What is j(1)?
-211
Let h(v) = 2*v**3 - 8*v**2 + 6*v + 16. What is h(4)?
40
Let x(v) = -227*v + 9084. Calculate x(40).
4
Let w(f) = f**3 - 66*f**2 + 562*f - 28. Give w(10).
-8
Let n(q) = 18*q - 858. What is n(52)?
78
Let h(y) = -333*y - 651. Give h(-2).
15
Let g(h) = -2*h**2 - 70*h - 767. What is g(-16)?
-159
Let z(r) = -2*r**3 - 183*r**2 - 99*r - 734. Calculate z(-91).
-6
Let q(t) = 7*t**3 - 35*t**2 + 1. Calculate q(5).
1
Let j(t) = 8*t**3 - 58*t**2 + 20*t - 38. Calculate j(7).
4
Let x(g) = 23*g - 231. Give x(17).
160
Let y(g) = -g**2 + 43*g + 1164. What is y(62)?
-14
Let u(r) = 57*r + 1046. Give u(-18).
20
Let j(p) = -p**2 - 47*p - 266. Give j(-42).
-56
Let i(z) = -88*z**2 + 25*z + 13. What is i(-1)?
-100
Let m(r) = -6*r**2 - 181*r - 32. Determine m(-30).
-2
Let k(l) = -106*l - 606. Calculate k(-6).
30
Let j(u) = u**3 - 46*u**2 - 697*u + 36. Calculate j(58).
-22
Let o(u) = 4*u**2 + 372*u + 3326. What is o(-10)?
6
Let m(z) = -131*z**3 - z**2 - 200*z - 201. Determine m(-1).
129
Let v(h) = -90*h - 4149. Determine v(-46).
-9
Let t(r) = -r**2 + 278*r + 18. Give t(0).
18
Let r(t) = -t**2 + 4*t + 665. Calculate r(28).
-7
Let f(c) = 3*c**2 + 20*c - 5. Give f(-6).
-17
Let n(f) = -f**3 - 6*f**2 + 15*f - 93. What is n(-9)?
15
Let q(i) = -18*i**2 + i + 38. What is q(3)?
-121
Let u(b) = 4*b**3 + 122*b**2 + 67*b + 197. Determine u(-30).
-13
Let q(i) = i**2 - 45*i + 470. Calculate q(13).
54
Let p(j) = j**3 - 30*j**2 + 5*j - 86. Give p(30).
64
Let r(p) = -p**2 + 796. Determine r(29).
-45
Let w(l) = 23*l + 49. Give w(-1).
26
Let i(l) = -l**3 - 3*l**2 + 64*l - 15. What is i(-10)?
45
Let x(t) = 123*t - 1437. Give x(12).
39
Let g(l) = 4*l**2 - 98*l - 813. What is g(31)?
-7
Let d(b) = -b**3 - 15*b**2 - 16*b - 57. Give d(-14).
-29
Let g(s) = -22*s**3 - 3*s**2 + 4*s. Calculate g(1).
-21
Let t(o) = o**2 - 30*o + 39. What is t(28)?
-17
Let b(i) = 17*i**2 - 2106*i - 229. What is b(124)?
19
Let c(o) = o**3 + 106*o**2 + 605*o + 480. Determine c(-100).
-20
Let x(h) = 6*h + 893. What is x(27)?
1055
Let s(j) = -21*j - 532. Give s(-26).
14
Let m(y) = -1973*y + 7879. Calculate m(4).
-13
Let v(n) = -17*n**3 - 363*n**2 - 124*n + 31. Give v(-21).
-11
Let x(p) = 93*p + 4750. What is x(-51)?
7
Let y(u) = 3*u - 5. Determine y(11).
28
Let r(a) = -a**3 - 5*a**2 + 18*a - 3. Calculate r(-7).
-31
Let i(s) = 3*s**3 + 409*s**2 + 116*s - 2726. Determine i(-136).
-6
Let u(z) = 123*z + 550. Give u(-6).
-188
Let k(x) = 2*x**3 - 98*x**2 + 189*x - 9. Calculate k(47).
38
Let i(w) = -515*w + 4091. Determine i(8).
-29
Let i(p) = -405*p + 2172. Give i(5).
147
Let z(b) = b**3 + 52*b**2 + 77*b - 1161. Give z(-50).
-11
Let h(v) = -v**2 + 212*v + 214. Calculate h(-1).
1
Let h(w) = 294*w - 5898. Determine h(20).
-18
Let k(o) = 648*o + 5192. Give k(-8).
8
Let a(b) = 4*b**2 - 30*b - 95. Give a(10).
5
Let v(g) = -180*g**2 + 4*g - 2. What is v(1)?
-178
Let j(x) = -80*x + 1453. Calculate j(12).
493
Let l(f) = 2*f**2 - 1574*f - 11111. What is l(-7)?
5
Let f(a) = 188*a - 212. Give f(1).
-24
Let u(k) = -25*k**2 - 8*k - 3. What is u(0)?
-3
Let d(n) = 3*n**3 + 46*n**2 - 75*n + 159. What is d(-17)?
-11
Let d(u) = 25*u**2 + 9*u + 13. Give d(2).
131
Let q(p) = -157*p - 7. Give q(-2).
307
Let k(u) = -u**2 - 67*u + 791. Determine k(-82).
-439
Let t(v) = 271*v - 2706. What is t(10)?
4
Let j(z) = z**3 + 41*z**2 + 81*z + 102. Give j(-39).
-15
Let i(p) = p**3 - 53*p**2 - 23*p + 1420. What is i(53)?
201
Let k(s) = -2*s**3 - 3*s**2 - 6*s + 18. What is k(2)?
-22
Let x(v) = -30*v - 2362. Determine x(-76).
-82
Let g(y) = 3*y + 171. Determine g(-12).
135
Let k(p) = -21*p. What is k(-4)?
84
Let o(j) = -73*j**2 + 2*j - 2. Give o(-1).
-77
Let m(h) = -50*h**3 + 149*h**2 + 16*h - 31. Determine m(3).
8
Let q(t) = -t**3 + 11*t**2 - 4*t - 126. Give q(5).
4
Let a(u) = u**3 - 6*u**2 - 33*u + 188. Determine a(5).
-2
Let w(m) = -432*m - 883. Calculate w(-2).
-19
Let q(j) = -j**3 + 39*j**2 + 126*j + 76. Determine q(42).
76
Let p(h) = h**2 + 50*h - 199. What is p(-54)?
17
Let w(i) = i**3 - 21*i**2 + 29*i + 473. Give w(18).
23
Let z(k) = -k**3 - 8*k**2 + 12*k + 30. What is z(-9)?
3
Let m(i) = -4*i**3 - 3*i**2 + 5*i - 5. Give m(2).
-39
Let m(d) = d**2 + 11*d - 71. Determine m(7).
55
Let d(a) = 149*a**2 + 1787*a - 19. Give d(-12).
-7
Let t(o) = 441*o - 1382. Give t(3).
-59
Let g(z) = 41*z**2 + 4*z - 7. What is g(2)?
165
Let z(m) = -5*m**3 - 11*m**2 - 52*m + 4. What is z(-4)?
356
Let k(l) = l**2 - 23*l + 105. Determine k(13).
-25
Let p(m) = -14*m**2 + 247*m - 130. What is p(17)?
23
Let b(y) = y**3 + 103*y**2 - 108*y - 419. What is b(-104)?
-3
Let j(m) = -797*m - 42252. Determine j(-53).
-11
Let j(n) = 2*n**2 - 55*n + 164. Calculate j(5).
-61
Let s(d) = -d**2 - 64*d + 2222. Determine s(26).
-118
Let x(v) = 3*v**3 - 31*v**2 + 12*v - 3. Give x(10).
17
Let p(q) = 3*q**2 + 38*q + 121. Calculate p(-8).
9
Let o(k) = 28*k + 157. Calculate o(4).
269
Let b(s) = -54*s + 48. What is b(-6)?
372
Let b(m) = -m**3 + 3*m**2 + 18*m + 11. Determine b(5).
51
Let q(k) = -k**3 + 16*k**2 + 89*k + 35. Determine q(22).
-911
Let t(j) = -2*j**3 - 30*j**2 + 169*j + 1101. Determine t(-18).
3
Let f(t) = -t**3 + 135*t**2 + 846*t - 24. Give f(141).
-24
Let o(w) = -w**3 + 9*w**2 - 484*w + 1885. Calculate o(4).
29
Let b(d) = 3*d**3 + 36*d**2 + 57*d + 1242. What is b(-13)?
-6
Let v(d) = -3*d**3 + d**2 + 2*d - 6. Give v(3).
-72
Let o(a) = a**2 - 20*a - 935. What is o(42)?
-11
Let g(p) = 52*p**3 + 56*p**2 + 55*p + 1. Determine g(-1).
-50
Let h(s) = -3*s + 565. Calculate h(-22).
631
Let g(n) = -157*n - 9518. What is g(-59)?
-255
Let b(k) = 55*k - 5516. Give b(100).
-16
Let g(d) = -245*d + 36742. What is g(150)?
-8
Let c(b) = b**3 + 103*b**2 - 107*b - 234. Determine c(-104).
78
Let o(n) = 4*n**2 + 68*n + 13. Give o(-16).
-51
Let m(s) = -s**3 - 4*s**2 + 8*s - 7. Determine m(6).
-319
Let b(q) = -2*q**3 - 149*q**2 + 74*q - 193. Calculate b(-75).
-118
Let i(y) = y**3 - 27*y**2 + 50*y - 9. What is i(25)?
-9
Let d(z) = -196*z**2. Give d(1).
-196
Let m(u) = -u**3 + 14*u**2 - 48*u + 21. Determine m(9).
-6
Let a(z) = 39*z - 4546. Calculate a(119).
95
Let x(g) = 2*g**2 - 118*g + 1479. Calculate x(18).
3
Let k(s) = 42*s**2 - 717*s + 62. Determine k(17).
11
Let q(m) = -m**2 - 223*m - 5291. Determine q(-196).
1
Let x(n) = 83*n**2 - 8*n + 11. Determine x(1).
86
Let i(y) = 6*y**2 - 109*y + 41. Determine i(20).
261
Let r(g) = -25*g - 553. Determine r(-22).
-3
Let h(j) = -67*j + 12663. What is h(189)?
0
Let p(x) = -7*x**2 - 258*x - 226. Give p(-36).
-10
Let k(f) = -20*f**2 - 2*f - 25. What is k(-3)?
-199
Let c(u) = -u**2 - 55*u - 757. Calculate c(-27).
-1
Let g(a) = -188*a**3 - a**2 - 26*a - 26. What is g(-1)?
187
Let c(x) = 64*x + 1607. Determine c(-25).
7
Let n(t) = -t + 90. What is n(96)?
-6
Let c(f) = -2*f**3 + 8*f**2 + 